 + 3*v - 10. Let w be l(2). Calculate the remainder when (21 + 0)*-1*w is divided by 6.
3
Calculate the remainder when 130 is divided by (15/(150/(-35)))/(21/(-24)).
2
Let o(g) = 2*g + 18. Let v be 1 - 0 - 9/(-1). What is the remainder when o(v) is divided by 4 + 0 + -2 + -4 + 22?
18
Suppose 1528 + 584 = 24*y. What is the remainder when 3006 is divided by y?
14
Suppose 8 = -23*h + 6*h + 450. Calculate the remainder when 3084 is divided by h.
16
Suppose k - 51 = 159. Suppose 3*s + 60 = k. Let t = s - 34. What is the remainder when 173 is divided by t?
13
Let d(o) = -o**3 + 12*o**2 + 325*o + 47. Suppose -9 = 3*k, -2*l - 4*k = 2*l - 528. What is the remainder when l is divided by d(25)?
41
Let g(k) = k**3 + 2*k**2 - 44*k + 2. Let w be g(6). Suppose w*m = 2243 + 305. Calculate the remainder when m is divided by 9.
8
Suppose p - 576 = -5*h, 52*p - 120 = -h + 53*p. What is the remainder when 567 is divided by h?
103
Let k = -3332 - -3424. Calculate the remainder when k is divided by 18.
2
Suppose 77 = 2*o + 59. Suppose 0 = -o*z + 18*z - 1017. What is the remainder when z is divided by 6?
5
Let q be 3*(-25)/15 - 17. Calculate the remainder when (3*-2)/(q/517) is divided by 11.
9
Suppose -2*x = 3*t - 301, 0 = 3*x - 5*t - 187 - 255. What is the remainder when x is divided by 2/(4/(-430)*-5)?
20
Suppose -t = 2*t + 3*u - 120, 194 = 5*t + 2*u. Let p = 49 - t. Calculate the remainder when 75 is divided by p.
9
Suppose -13*o - 797546 = -167*o - 154134. Calculate the remainder when o is divided by 22.
20
Let x = 4899 + -4854. Calculate the remainder when 147 is divided by x.
12
Suppose 141 = 3*l + 30. Suppose 4 = -l*a + 38*a. Suppose -v = -m + 14, a*v + 16 = -0*v. Calculate the remainder when 77 is divided by m.
7
Suppose 90 = 13*r - 11*r. Let m = r - 36. Suppose 2*b + 64 = 2*h - 2*b, 112 = 4*h - 4*b. Calculate the remainder when h is divided by m.
6
Let a be ((-76)/(-3))/((-4)/(-12)). Let j(r) = -3*r + 54. Let v be j(35). Let h = v + a. Calculate the remainder when h is divided by 14.
11
Suppose 5*o + 65 = 5*j, -26 - 1 = -4*j - o. What is the remainder when (1456/84)/13 + 2/(-12)*-436 is divided by j?
2
Let q = 8221 - 8095. Calculate the remainder when 627 is divided by q.
123
Suppose -53*n + 285 = -245. Suppose 0 = -q + 21 + 18. What is the remainder when q is divided by n?
9
Let q(u) = u**3 - 19*u**2 - 90*u - 28. Let g(b) = b**3 - 10*b**2 - b + 12. Let d be g(10). Let w = d + 48. Calculate the remainder when w is divided by q(23).
14
Let y be (-35)/15 + (-1)/(-3). What is the remainder when 339 is divided by (-11)/((3/6*y)/1)?
9
Suppose h = -r + 3*r - 216, -115 = -r + 4*h. Suppose 4*z = i - 458, -4*z - 766 - 118 = -2*i. Calculate the remainder when i is divided by r.
105
What is the remainder when (-14)/(-7) - (-895 + -26) is divided by 22?
21
Suppose -2*u + 2 = 5*p - 1, -20 = -5*u. What is the remainder when 89*(-3)/(-1*(4 + p)) is divided by 31?
27
Let z = -20 - -23. Suppose 2*r + 22 = 5*c, z*c - 4*r = 4*c. Suppose 0 = 5*b - 5*w - 35, c*b + 4*w = 2*b + 20. Calculate the remainder when 26 is divided by b.
2
Suppose -1501883 - 216841 = 85*o - 233*o. What is the remainder when o is divided by 66?
63
Let o(r) = -581*r + 2908. Calculate the remainder when 956 is divided by o(5).
2
Suppose 7*g + 43038 = 47*g + 2958. What is the remainder when 1005 is divided by g?
3
Let p = -8905 + 9156. What is the remainder when 2524 is divided by p?
14
Let s(t) = -t**2 + t + 28. Suppose 15*z - 35*z + 200 = 0. Suppose -j - n = -110, -z*n = 2*j - 5*n - 229. What is the remainder when j is divided by s(0)?
23
Let k = 30 - 18. Let t = -113 - -116. Calculate the remainder when k is divided by t.
0
Let x(v) = -v**3 - 43*v**2 - 90*v + 136. What is the remainder when x(-41) is divided by 35?
9
Let w(o) = o**2 + o + 1. Let c = 14 + -12. Suppose 0 = 3*g + 2*g + 5*p + 15, c*g + 5*p = 0. Calculate the remainder when w(g) is divided by 12.
9
Calculate the remainder when 438 is divided by 624/(-520)*(-195)/9.
22
Let x = 283 - 197. Let o(m) = m**3 - 5*m**2 - 8*m + 4. Let u be o(6). Calculate the remainder when x is divided by (-132)/(-9)*(-12)/u.
20
Let l = 26 + -35. Calculate the remainder when 120 is divided by -2*((-549)/(-2))/l.
59
Suppose -57*r - 37887 = -108*r - 168*r. Calculate the remainder when 659 is divided by r.
140
Suppose -15 = 3*x, -4*g + 8*x + 290 = 10*x. Calculate the remainder when g is divided by 118/4 + 12/24.
15
Let w = -26076 - -26104. Calculate the remainder when 4047 is divided by w.
15
Suppose 259*j + 696 = 267*j. What is the remainder when j is divided by 24?
15
Let c(x) = x**3 + 4*x**2 - 52*x + 96. What is the remainder when (-560)/(-6) - 4/12 is divided by c(-10)?
13
Let y(a) be the second derivative of -a**5/20 + a**4/2 + 5*a**3/6 - 11*a**2/2 + 2*a + 24. What is the remainder when 62 is divided by y(5)?
23
Let q(c) = -8*c + 5. Let a be q(1). Let l be (2 + (-100)/6)/(2/a). Let h = 31 - l. Calculate the remainder when 28 is divided by h.
1
Let x = -11140 - -12343. Calculate the remainder when x is divided by 400.
3
Let a(z) = -92*z - 127. Calculate the remainder when a(-13) is divided by 30.
19
Let k = 16 - 11. Let v be 236/(-17) + k/((-85)/2). Let d = -7 - v. What is the remainder when 20 is divided by d?
6
Suppose 3*z = -2 + 11. Suppose -9*t + 6*t - z*c + 156 = 0, 112 = 2*t + 4*c. Calculate the remainder when 239 is divided by t.
47
Let m(z) = 104*z + 776. Calculate the remainder when m(-4) is divided by 82.
32
Let l(h) = -h**2 - 17*h + 4. Let d(m) = -m**2 - 1. Let i(c) = 2*d(c) - l(c). Suppose -3*x + 9*x = 72. Calculate the remainder when i(x) is divided by 14.
12
Let r(c) = -53*c + 381. Suppose -80*u - 51 = -81*u. What is the remainder when u is divided by r(7)?
1
Suppose -12*i + 398 = -646. Let u = 91 - i. Calculate the remainder when 78 is divided by ((-108)/9)/((-3)/u).
14
Let h(a) = -a + 1. Suppose -11*i = -7*i + 1760. Let x = 471 + i. What is the remainder when x is divided by h(-6)?
3
Suppose -5918 = -103*r - 315 + 5418. Calculate the remainder when 18508 is divided by r.
104
Let o = 52 - 15. Suppose 0 = o*v - 40*v + 141. Suppose -6*h = -2*h + 5*c - 49, 2*h - 5*c = v. What is the remainder when 95 is divided by h?
15
Suppose -2*f = -9*f + 6370. Suppose -211*k = -204*k - f. What is the remainder when k is divided by 11?
9
Let h be (0 - -2)/2*15. Let v(m) = -70*m**2 + 1334*m - 29. What is the remainder when v(19) is divided by (-3)/h + (-172)/(-10)?
13
Suppose -4*m - 7 + 105 = -5*d, -5*d - 10 = 0. Let r = 2222 - 2026. Calculate the remainder when r is divided by m.
20
Let x(j) = -24*j + 807. Let l = 132 + 181. What is the remainder when l is divided by x(33)?
13
Calculate the remainder when 418 is divided by (126/35)/((-30)/(-1150)).
4
Let s(p) = 11*p**3 + p**2 + 56*p - 297. Calculate the remainder when s(5) is divided by 8.
7
Suppose -3*a = 5*i - 412, 672 = 5*a - 0*a + i. Suppose -a = -4*s + 26. What is the remainder when s/(-6)*(-2 + -3 - 25) is divided by 41?
36
Let w(i) = -6*i**2 - 5*i - 3. Let g be w(-5). Let z = g - -367. Calculate the remainder when z is divided by 24.
23
Let r(j) = j**2 - 15646 + 16*j + 11*j + 15573. Calculate the remainder when r(-31) is divided by 7.
2
Let h(x) = -x**3 + 20*x**2 - 23*x - 66. Let v be h(18). Suppose -v = 983*w - 989*w. Calculate the remainder when w is divided by (1 + 0)*(6 + -1).
3
Let i be (-148)/(-2 - 0) - 20/(-4). Let c = -203 + 292. Let l = c - i. What is the remainder when 19 is divided by l?
9
Suppose 68 = 4*j + 4*x, -8*x = -3*j - 3*x + 67. Suppose -j*p = -2*p - 561. Calculate the remainder when 161 is divided by p.
29
What is the remainder when 351 + 10 + -12 + 9 is divided by (6 - -4)/((-2)/(-9))?
43
Suppose 829*c - 1504118 = -58342. Calculate the remainder when c is divided by 70.
64
Suppose 91*g - 6390 = -4*g + 1495. What is the remainder when 704 is divided by g?
40
Let n(o) be the second derivative of -o**4/12 - 10*o**3/3 - 34*o**2 + 39*o. What is the remainder when 37 is divided by n(-6)?
5
Let v = -4667 + 4840. Calculate the remainder when 18509 is divided by v.
171
Let c(u) = 2*u**2 - 21*u + 46. Suppose -322 = -3*x - 61. What is the remainder when x is divided by c(9)?
11
Suppose 2*r + 3*d - 586 = 0, -83*r = -86*r - 3*d + 876. What is the remainder when r is divided by 81?
47
Suppose 5*t + 